*o + 14. Let p be i(-4). Suppose p*t = 36*t - 10380. What is the units digit of t?
8
Let f be (-1)/(4/9*(-6)/24). Suppose 0 = -27*y + f*y + 6858. What is the hundreds digit of y?
3
Let f(j) be the third derivative of j**5/6 - j**4/8 - 2*j**3/3 - 3*j**2. Suppose 3*p = 8*p - 15. What is the units digit of f(p)?
7
What is the hundreds digit of 91/(-26)*(-397068)/98?
1
Suppose -315*s + 158*s + 112680 = -147*s. What is the hundreds digit of s?
2
Suppose -186*r + 185*r + 9838 = 0. What is the tens digit of r?
3
Let c = -58 + 222. Suppose -p + c = j, 0 = 3*p - 3*j + 5 - 527. What is the tens digit of p?
6
Let w(r) = -9*r + 26. Let y be w(-4). Suppose -z = -4, -5*p + 44 + y = -z. What is the units digit of 8/12 - p/6*-59?
7
Suppose -96*d = -92*d + 792. Let p = 467 + d. What is the units digit of p?
9
Let u(g) = 3208*g**2 + 32*g - 120. What is the ten thousands digit of u(4)?
5
Suppose 5*q - 2*v - 60 = -178, -4*q + v = 92. Let o = q - 21. Let d = -13 - o. What is the units digit of d?
0
Let n = 9635 + 19960. What is the hundreds digit of n?
5
Suppose 0 = -2*h + 55 + 213. Suppose h = 9*p - 12988. What is the tens digit of p?
5
What is the tens digit of (-32)/(-2) - (-93 + -32703)?
1
Suppose 320 = 124*l - 120*l. Let g be l/15 - 1/3. Suppose -o + 3*o - 131 = 3*v, 265 = 4*o - g*v. What is the tens digit of o?
7
Let t = -72 + 76. What is the tens digit of 1/7*-2*(-868)/t?
6
Let k(s) = 85*s**2 - s. Let g be k(-1). Let q be (18/15)/((-6)/(-20)). What is the units digit of (g - (-8 + q)) + -4?
6
Suppose -67*n + 133*n - 245200 = 58*n. What is the ten thousands digit of n?
3
Suppose 3*t + 13*n - 9*n - 9 = 0, 4*n = 0. Let g(q) = 11*q**3 - q**2 + 5*q + 7. What is the units digit of g(t)?
0
Let b(t) = 275*t + 10. Suppose 0 = 54*v - 61*v + 7. What is the tens digit of b(v)?
8
Let z = 96 + -97. Let f be (((-39)/(-2))/(-13))/(z/202). Let k = f - 158. What is the hundreds digit of k?
1
Suppose -4 - 6 = -5*h. Let z be (-150)/(-20)*(20 + h). Suppose 5*n - z = 2*n + 4*a, 3*a + 9 = 0. What is the units digit of n?
1
Suppose 13*u = -0 - 52. Let i be u/((-24)/(-171))*(-4)/6. What is the units digit of 4 - (-13)/(-3 + i/6)?
2
Let m = 21 - 21. Suppose 3*k - 2*i - 19 = -m*k, -3*k - i + 13 = 0. Suppose 155 = -5*h + r + 520, -r = -k. What is the tens digit of h?
7
Suppose 5*t - 1249 - 788 = -3*s, -5*t = -s - 2021. What is the tens digit of (-16)/((-144)/t)*23?
3
Let j(g) = g**3 + 26*g**2 + 7*g + 88. Let a be j(-26). Suppose -129 - 65 = -t. Let p = t + a. What is the units digit of p?
0
Let k(u) = 4460*u**2 + 521*u - 14. What is the tens digit of k(4)?
3
Let f(a) = -a - 22. Let v = -27 + 16. Let q be f(v). Let c(y) = -5*y + 28. What is the units digit of c(q)?
3
Suppose -j - 17 = -3*c, c - 8 = j + 1. Suppose 0 = -2*f - 3*r + 420, 0 = 5*f + r - c*r - 1050. What is the hundreds digit of f?
2
Let g be 9/((-3)/246*-3). Let k(v) = -v**2 + 45*v - 190. Let p be k(36). Suppose 5*w - g = f, -4*w + 4*f + p = -w. What is the tens digit of w?
5
Let s(h) = h + 40*h**2 - 4 + 5 - h**3 - 43*h**2. What is the tens digit of s(-5)?
4
Let x(o) = -2*o**2 + 2. Suppose 7*v + 0 + 14 = 0. Let p be x(v). What is the tens digit of 247 + (-25)/(p - -1)?
5
Let b = -41 + 101. Let o = 55 - b. Let r(k) = 4*k**2 + 6*k + 2. What is the units digit of r(o)?
2
Suppose 9*f = 14*f - 420. Let j be f/18 + (-4)/6. What is the units digit of (-3)/(j/((-1608)/9))?
4
Suppose 24*x = -11*x + 9555. Suppose 269*p - x*p + 136 = 0. What is the units digit of p?
4
Let l = -67 - 62. Suppose 0*r - 4*r = -5*p - 21, 3*p - 3*r = -12. What is the tens digit of ((-30)/(-9))/p*l?
8
Suppose 46 = h - 2*w, 2*h - w = 2*w + 89. Suppose -9*b = -8*b - h. Let t = 33 + b. What is the tens digit of t?
7
What is the tens digit of (-40 + -7865)*(96/(-18) + 3)?
4
Suppose -4*l - 12*o + 3960 = -10*o, -4*l + o = -3960. Let r = -301 + l. What is the hundreds digit of r?
6
Let h be 5/((-10)/(-4)) - (689 - 9). Let q = 1193 + h. Suppose -7*z = -2*z - q. What is the hundreds digit of z?
1
Let v(f) = f - 10. Let i be v(13). What is the tens digit of (21 - -5 - (1 - i)) + 2?
3
Suppose -3*m - 3*y + 2 = -y, 0 = 3*m - 3*y - 27. Let i be m + (1 - 1/1). What is the tens digit of 2697/39 + i/(-26)?
6
What is the ten thousands digit of (-42)/(-10)*(-278500)/(-30)?
3
Let b(s) be the second derivative of -41*s**3 + 7*s**2 - 153*s. What is the tens digit of b(-5)?
4
Suppose -2*b - 5*p = 2*b + 733, 3*b - 3*p = -570. Let f = 742 + b. Suppose -20*x = -25*x + f. What is the tens digit of x?
1
What is the hundreds digit of 68/20*-5*2*1807/(-2)?
7
Suppose -2*v + 20 = 3*v - 5*t, 2*v + 5*t = 1. What is the hundreds digit of v/((-2)/579*(-15)/10)?
5
Let l(o) = o**3 + 26*o**2 + 20*o - 7. Let r be l(-25). Let s = 191 - r. Suppose 0*n + s = n. What is the tens digit of n?
7
Suppose -w + 8100 = 5*k, -31*w + 6480 = 4*k - 32*w. What is the tens digit of k?
2
Suppose 2*n - 4 = 0, 2*w = -n + 3709 + 23755. What is the hundreds digit of w?
7
Let b be ((-5)/15*3)/(2/(-8)). Suppose 89 = -b*n + 257. What is the units digit of n?
2
Suppose 5*g - 77285 = -5*j, 2*g - 35*j - 30938 = -33*j. What is the thousands digit of g?
5
Let t(n) = -n**2 + n - 1. Let s be ((-1)/(-2))/((-6)/12). Let a(r) = -r**2 - 8*r - 12. Let v(y) = s*a(y) + 2*t(y). What is the units digit of v(5)?
5
Let c(y) = -28*y - 137. Let h be c(-5). Suppose h*w - 5*w + 4*o = -1854, 0 = -4*o. What is the hundreds digit of w?
9
Suppose -243*n - 14*n = -2570. Suppose -5*g + 546 = -3*c, -6*c = 3*g - c - 314. Suppose 3*x = 3*u - g, -2*x + n = u - 29. What is the units digit of u?
7
What is the units digit of (-4 - -19720) + 4 + 6 + 4?
0
Suppose -91*s + 1211774 = -115279. What is the tens digit of s?
8
Let j(y) = -19 + 109*y + 94*y + 0 - 187*y + 4*y**2. What is the tens digit of j(7)?
8
Let n = -7366 + 15379. What is the units digit of n?
3
Suppose -194*p - 198*p + 147*p = -3072545. What is the thousands digit of p?
2
Let c(g) be the second derivative of g**5/10 - 2*g**4/3 - g**3/6 - 7*g**2/2 - g + 5. What is the hundreds digit of c(7)?
2
Suppose -4*q + 3*w + 11075 = 0, -442*q + 443*q + 3*w = 2765. What is the thousands digit of q?
2
Suppose 163 + 167 = 6*p. What is the tens digit of (-271)/(-6) - p/330?
4
Suppose -8*y - 1 = -7*y. Let x be y*(204/(-9))/(-2)*-12. Suppose -3*m - o = -0*m - 328, 5*o + x = m. What is the tens digit of m?
1
Suppose 17*r + 4319 = 24*r. Let c = r - 375. What is the tens digit of c?
4
Let f = 3708 + 14714. What is the tens digit of f?
2
Let b be (7*1)/((-71)/(-29039)). Let w = -1857 + b. What is the units digit of w?
6
Suppose 2*d - 64 = -62. Suppose 2*u - 4*p - 24 = -6*p, 3*p - 6 = -u. What is the units digit of (u/(-6))/d*(-60 - 2)?
5
Suppose -7548 = -3*d + 4875. Suppose -12*g - 193 = -d. What is the tens digit of g?
2
Let o be 0*(5/(-25))/(3/(-5)). Suppose o = -20*t + 2898 + 12442. What is the units digit of t?
7
Let s = 124 + -112. Let m be (-9)/2*(-8)/s. What is the hundreds digit of 243 + m - (-12)/(-4)?
2
Suppose 3*r - 1 = -f, -5*f + 18 = -0*f + 2*r. Suppose -4 = -4*l, 33 = -f*p - 3*l + 600. Let i = 5 + p. What is the hundreds digit of i?
1
Let c = -7622 + 35695. What is the tens digit of c?
7
Let y(p) = -41*p - 78. Let b(x) = 13*x + 26. Let u(z) = -z. Let w(c) = b(c) - u(c). Let f(t) = 8*w(t) + 3*y(t). What is the tens digit of f(-9)?
7
Let d = 44 + -2. Let z = d - 35. Let m(q) = 3*q**2 - 5*q + 14. What is the units digit of m(z)?
6
Suppose -14*k + 5 = 215. What is the units digit of ((-525)/(-14))/k + (-3899)/(-2)?
7
Suppose -430*j + 429*j + 123 = 0. Suppose -117*s + j*s - 198 = 0. What is the tens digit of s?
3
Let a = 9046 + -5001. What is the tens digit of a?
4
Suppose -14063 + 133623 = 14*i. What is the tens digit of i?
4
What is the tens digit of 5105 + -13 + 80/8?
0
Let t(a) = -a**3 + 16*a**2 + a + 38. Suppose 13*z - 235 = -40. What is the hundreds digit of t(z)?
2
Let o = -28677 - -43073. What is the thousands digit of o?
4
Let k = -11313 - -25444. What is the hundreds digit of k?
1
Let c = 28742 + 18010. What is the tens digit of c?
5
Let y(x) = 4*x**2 + x + 1. Let f(u) = -11*u**2 + 5*u - 8. Let r(a) = f(a) + 5*y(a). What is the hundreds digit of r(-13)?
3
Let n(t) = 6*t**2 + 3*t - 1. Let w(c) = c**2 - 1. Let s(p) = n(p) - 3*w(p). Let j be s(-1). What is the tens digit of (0 - j) + 80 + 0?
7
L